 = 8 + n. What are the prime factors of r?
2
List the prime factors of (144 - 142) + 254*6.
2, 7, 109
Let q = 0 - -2. Suppose 0 = -2*h - 8, -3*f + 3 = -5*h - 59. Suppose 0 = -q*j + 6 + f. List the prime factors of j.
2, 5
Suppose 34*p = -2*h + 31*p + 195, -4*h = 2*p - 402. What are the prime factors of h?
2, 3, 17
Let v(t) = -t**3 + 7*t**2 - 6*t + 2. Suppose -5*l = -13 - 2. Suppose -c = c + 4*b, b = -l. List the prime factors of v(c).
2
Let w be 11 - -2 - (-7 - -4). Suppose w = 3*z - 32. Suppose 5*u - 138 = 3*b, 2*b - 117 = -5*u + z. List the prime factors of u.
3
Suppose 20 = 4*f - 16. Let d = 38 - f. List the prime factors of d.
29
Let r(l) = -l**3 + 9*l**2 - 2*l - 15. Suppose 5*o - 11*o + 48 = 0. What are the prime factors of r(o)?
3, 11
Let z = -54 - -257. List the prime factors of z.
7, 29
Suppose -2*q = -q - 880. List the prime factors of q.
2, 5, 11
Let g = -2 + 0. Suppose -84 = -7*i + 2*i - 2*j, 30 = 2*i - j. List the prime factors of (g + 5)/(3/i).
2
Let r(d) = -d**3 + 15*d**2 - 13*d - 35. Suppose 32 = 3*y + m, 2*y + 3*m - 7 = 5. List the prime factors of r(y).
241
Let w(y) = y - 1. Let f be w(5). Suppose 0*h + 14 = 2*h + 4*g, 4*g + 52 = f*h. Let u = 17 - h. What are the prime factors of u?
2, 3
Suppose 16 = 7*s - 3*s. Let g(w) = 2*w**2 + 4 - 7 - s*w + 0*w. What are the prime factors of g(-2)?
13
List the prime factors of (-1 - -498) + (-3)/(-4 - -5).
2, 13, 19
Let h = -38 + -119. Let l be h/(-2) - (-6)/(-4). Suppose -5*m + 135 = -4*v, -5*m - l = 2*v - 212. What are the prime factors of m?
3
Let v be (40/30)/(0 - 2/(-54)). Suppose 5*m = -4*b - v + 149, 5*b + 53 = 3*m. What are the prime factors of m?
3, 7
Suppose 0 = -2*d - 2, 3920 = 3*o - 7*d + 5*d. List the prime factors of o.
2, 653
Suppose 11*o + 16656 = 71227. List the prime factors of o.
11, 41
List the prime factors of 6/(-4) + ((-73150)/(-20))/7.
521
Let u(c) = 215*c**3 - 5. Let z(j) = 72*j**3 - 2. Let v(d) = 3*u(d) - 8*z(d). What are the prime factors of v(1)?
2, 5, 7
Let i(l) = -3*l - 8. Let m be i(8). List the prime factors of 3/(1 - m/(-44)).
11
Let g(j) = 3*j**2 + 16*j + 7. Let t be g(-5). What are the prime factors of 2*(-4 + t) - -60?
2, 7
Let v be (-899)/(-5) - 9/(-45). Suppose -q = 2*n - 212, -q - 24 = -2*n + v. What are the prime factors of n?
2, 13
Suppose 0 = 10*a + 3 - 43. Suppose -296 = -a*k + 160. List the prime factors of k.
2, 3, 19
Suppose 16*y = -5*y - 231. Suppose -2*z - 2 + 20 = 0. Let h = z - y. List the prime factors of h.
2, 5
Let b(m) = -m. Let h(y) = 1. Let w(f) = -9. Let r(n) = h(n) - w(n). Let u(s) = -4*b(s) - r(s). List the prime factors of u(5).
2, 5
Suppose 5*i - 12 = 13. Let j(m) = m + 14. What are the prime factors of j(i)?
19
Let h(b) = -6*b**3 - 5*b**2 - 5*b - 11. What are the prime factors of h(-4)?
313
Suppose 5*s + 2*t = 3472, 3*s - 3*t + 1391 = 5*s. What are the prime factors of s?
2, 347
List the prime factors of (-615)/2*(-6)/9.
5, 41
Suppose 0 = 5*p - 7 - 8. Let o(x) = x - 3. Let t be o(7). Suppose -t = -p*k + 119. What are the prime factors of k?
41
Suppose 3*o + 11242 = 8*o + 2*g, -4*o + 9004 = -g. List the prime factors of o.
2, 3, 5
Suppose 46 + 30 = 2*x. Let u be x/(-5) + (-4)/10. List the prime factors of 4*-1 + (-624)/u.
2, 37
Let r = 4 - 1. Suppose -a - 2*k = -59, r*k + 325 = 5*a - 2*k. What are the prime factors of a?
3, 7
Let z = -177 + 378. What are the prime factors of z?
3, 67
Suppose -2*w = -2*p + 42, 2*p + 5*w = 35 + 7. Let g = 23 - p. Suppose -5*o - g*a + 25 = 0, -o + 27 = 4*a - 8*a. What are the prime factors of o?
7
Let p(m) = -575*m**3 - 2*m**2 - 6*m - 3. What are the prime factors of p(-1)?
2, 3
Let v(q) = -q**3 - q + 13. Let c be v(0). Let o = c + -11. What are the prime factors of 770/15 - o/(-3)?
2, 13
Let x be -3 + (4 + 2)/1. Suppose 5*r - s - 91 = 0, 0*r - x*r = -5*s - 59. Suppose -n + 3*n - r = 0. List the prime factors of n.
3
What are the prime factors of (-12)/(-16) - (2 + 354/(-8))?
43
Suppose 0 = -6*y + y + 845. Let h = y + -106. List the prime factors of h.
3, 7
Let j = 66 + -54. What are the prime factors of ((-75)/j)/(9/(-324))?
3, 5
Suppose -5*m - 1505 = -3*b, -m + 2 = -0*m. List the prime factors of b.
5, 101
Let d(w) = -25*w + 1. Let o be d(-2). Suppose -2*x - b + o = 0, 3*x + b - 2*b - 79 = 0. List the prime factors of x.
2, 13
Let i = 379 + -178. Let z = -105 + i. What are the prime factors of z?
2, 3
What are the prime factors of 3/((-3)/5)*(-68)/2?
2, 5, 17
Let q(v) = 3*v**3 - 2*v**2 + 3*v. Let p = 33 - 31. List the prime factors of q(p).
2, 11
Let c(t) = -t**2 - 2*t + 7. Let x be (-3 + 0/(-1))*3. Let r be c(x). What are the prime factors of (-22)/(-33) + r/(-6)?
2, 5
Let f = 41 + -39. What are the prime factors of f*(-2)/(-8)*182/13?
7
Let g(c) = -2*c - c**3 - 3*c**2 + 42 + 4*c - 40 - 3*c. Suppose 3 + 0 = -p. List the prime factors of g(p).
5
Suppose 3*s + 2*l = s + 1930, -1 = -l. List the prime factors of s.
2, 241
Suppose -7*a + 15 = -2*a. Suppose 112 = a*h + h. What are the prime factors of h?
2, 7
Let j = -10 + 15. Let k(q) = -5*q - 2*q - q**2 - j - 2*q. What are the prime factors of k(-8)?
3
Suppose -2*i - 4 = 0, -4*u - i - i = -1876. List the prime factors of u.
2, 5, 47
Let f = -174 - -715. What are the prime factors of f?
541
Suppose 0 = -s + 5*s - 20. Suppose -4*z + s*q = -45, -q = -z - 2*q + 18. List the prime factors of z/30*(1 - -73).
37
Let l = 23 - 23. Suppose -3*w - 26 = 7. What are the prime factors of 3*(l - (w - 0))?
3, 11
Let u = 1180 + -676. What are the prime factors of u?
2, 3, 7
Let v(w) = -11*w**3 + 1. What are the prime factors of v(-4)?
3, 5, 47
Let j be (-10)/(-5) + (-2 - 15). What are the prime factors of -57*(-2 + 5/j)?
7, 19
Let s(i) = 22*i - 3. Suppose q - 45 = -4*q. List the prime factors of s(q).
3, 5, 13
Let a(v) be the first derivative of -v**2/2 - 2*v + 4. Let j be a(-2). List the prime factors of (0 - 7)*(j + -2).
2, 7
Let i = -92 + 77. Let o = i + 107. What are the prime factors of o?
2, 23
Suppose -5*b + 5*s - 364 - 286 = 0, 3*s = 12. List the prime factors of (-18)/4*-4*b/(-12).
3, 7
What are the prime factors of (-1 - -6 - 4) + 355?
2, 89
Let l(s) = s. Let w(y) = -10*y + 12. Let a(m) = l(m) - w(m). Let k(t) = 2*t - 2. Let c(d) = -6*a(d) + 34*k(d). List the prime factors of c(0).
2
Suppose 217 = 2*f + 3*j, 0 = 2*f + 2*f + 4*j - 436. List the prime factors of f.
2, 5, 11
Let n = -63 + 264. List the prime factors of n.
3, 67
Suppose -33*l + 29*l + 2160 = 0. Let q = l + -313. What are the prime factors of q?
227
Let v(k) be the second derivative of k**4/6 - k**3/2 - k**2/2 + 6*k. Let u be v(3). Let h = u + 14. What are the prime factors of h?
2, 11
Let z(r) = -r**3 - 8*r**2 - r + 3. Let q(x) = -x**3 - 9*x**2 - 2*x + 3. Let v(n) = -5*q(n) + 6*z(n). List the prime factors of v(-5).
3, 11
Suppose 0 = -v - 3*t - 15, 0*v + 6 = v - 4*t. Let l = 8 + v. Suppose -h = 2*p + 4*h - 1, -l*p - 3*h = -11. List the prime factors of p.
13
Let u(g) be the third derivative of 3/20*g**5 - 1/6*g**3 + 0*g + 0 - 1/12*g**4 - 2*g**2. List the prime factors of u(2).
31
Let v(o) = -o**3 + o**2 + 3*o + 4. Let j(g) = -4*g**3 + g**2 + 2*g - 2. Let u be j(1). What are the prime factors of v(u)?
31
Suppose 39*k - 19534 - 4022 = 0. List the prime factors of k.
2, 151
Let w be (2 - -2)*3/(-6). Let o(v) = 4*v**2 - 3. Let s(f) = 4*f**2 - 3. Let x(p) = 6*o(p) - 5*s(p). List the prime factors of x(w).
13
List the prime factors of 2 + (2 + 712 - (-14 - -17)).
23, 31
Suppose -464 = -4*x - 4*a, -8*x + 576 = -3*x + 3*a. Let b be (8/20)/((-2)/(-10)). Suppose -5*y + x = -b*y. What are the prime factors of y?
2, 19
Let y(x) = -5*x**2 + x - 3. Let o(n) = -4*n**2 + n - 4. Let m = 0 + 3. Let d(g) = m*o(g) - 4*y(g). What are the prime factors of d(1)?
7
Suppose -75*k + 16*k = -95816. List the prime factors of k.
2, 7, 29
What are the prime factors of 6 + ((-32805)/(-20) - (-12)/16)?
3, 61
Suppose 4*f + 2087 = 3*d - f, -1403 = -2*d + f. List the prime factors of d.
2, 11
Let u = 4 + 8. Suppose -3*g = -6*g + u. Suppose -g*y + 7 = -37. What are the prime factors of y?
11
Let s be (-3 + 6 + -8)*8/(-10). Let n(w) = w**3 - 3*w**2 - w + 7. List the prime factors of n(s).
19
Let d = 1643 - 1105. List the prime factors of d.
2, 269
Let w(m) = 1 + m**2 - 6*m + m**2 + 6*m. Let k be w(-2). Suppose -3*c - 39 = -3*